{"id":774,"date":"2025-08-26T20:07:50","date_gmt":"2025-08-26T13:07:50","guid":{"rendered":"https:\/\/vuoncauvong.com\/?post_type=product&#038;p=774"},"modified":"2025-08-26T20:07:50","modified_gmt":"2025-08-26T13:07:50","slug":"da-khoang-da-pumice-tron-gia-the-rai-chau","status":"publish","type":"product","link":"https:\/\/vuoncauvong.com\/index.php\/san-pham\/da-khoang-da-pumice-tron-gia-the-rai-chau\/","title":{"rendered":"\u0110\u00e1 kho\u00e1ng \u0111\u00e1 pumice tr\u1ed9n gi\u00e1 th\u1ec3, r\u1ea3i ch\u1eadu"},"content":{"rendered":"<h4 data-start=\"0\" data-end=\"248\" data-padding=\"15px\">\u0110\u00e1 <strong data-start=\"3\" data-end=\"13\">Pumice<\/strong> (\u0111\u00e1 b\u1ecdt n\u00fai l\u1eeda) l\u00e0 lo\u1ea1i gi\u00e1 th\u1ec3 t\u1ef1 nhi\u00ean r\u1ea5t ph\u1ed5 bi\u1ebfn trong tr\u1ed3ng c\u00e2y c\u1ea3nh, bonsai, sen \u0111\u00e1 \u2013 x\u01b0\u01a1ng r\u1ed3ng v\u00e0 c\u1ea3 n\u00f4ng nghi\u1ec7p c\u00f4ng ngh\u1ec7 cao. \u0110\u00e2y l\u00e0 v\u1eadt li\u1ec7u g\u1ea7n nh\u01b0 \u201cchu\u1ea9n\u201d khi ng\u01b0\u1eddi ch\u01a1i c\u00e2y mu\u1ed1n t\u1ea1o gi\u00e1 th\u1ec3 tho\u00e1ng, b\u1ec1n, ch\u1ed1ng \u00fang r\u1ec5.<br \/>\nV\u01b0\u1eddn C\u1ea7u V\u1ed3ng c\u00f3 \u0111\u00f3ng t\u00fai 1 l\u00edt. Gi\u00e1 hi\u1ec3n th\u1ecb l\u00e0 gi\u00e1 1 l\u00edt.<\/h4>\n<h4 data-start=\"255\" data-end=\"284\" data-padding=\"15px\">\ud83c\udf31 \u0110\u1eb7c \u0111i\u1ec3m c\u1ee7a \u0111\u00e1 Pumice:<\/h4>\n<ul data-start=\"285\" data-end=\"841\">\n<li data-start=\"285\" data-end=\"387\">\n<h4 data-start=\"287\" data-end=\"387\"><strong data-start=\"287\" data-end=\"301\">Ngu\u1ed3n g\u1ed1c:<\/strong> h\u00ecnh th\u00e0nh t\u1eeb dung nham n\u00fai l\u1eeda ngu\u1ed9i nhanh, t\u1ea1o ra c\u1ea5u tr\u00fac x\u1ed1p ch\u1ee9a nhi\u1ec1u l\u1ed7 kh\u00ed.<\/h4>\n<\/li>\n<li data-start=\"388\" data-end=\"431\">\n<h4 data-start=\"390\" data-end=\"431\"><strong data-start=\"390\" data-end=\"402\">M\u00e0u s\u1eafc:<\/strong> tr\u1eafng ng\u00e0, x\u00e1m, v\u00e0ng nh\u1ea1t.<\/h4>\n<\/li>\n<li data-start=\"432\" data-end=\"482\">\n<h4 data-start=\"434\" data-end=\"482\"><strong data-start=\"434\" data-end=\"450\">Tr\u1ecdng l\u01b0\u1ee3ng:<\/strong> c\u1ef1c nh\u1eb9 (n\u1ed5i \u0111\u01b0\u1ee3c tr\u00ean n\u01b0\u1edbc).<\/h4>\n<\/li>\n<li data-start=\"483\" data-end=\"552\">\n<h4 data-start=\"485\" data-end=\"552\"><strong data-start=\"485\" data-end=\"504\">K\u00edch th\u01b0\u1edbc h\u1ea1t:<\/strong> \u0111a d\u1ea1ng (1\u201320 mm), c\u00f3 th\u1ec3 ch\u1ecdn theo lo\u1ea1i c\u00e2y.<\/h4>\n<\/li>\n<li data-start=\"553\" data-end=\"598\">\n<h4 data-start=\"555\" data-end=\"598\"><strong data-start=\"555\" data-end=\"565\">\u0110\u1ed9 pH:<\/strong> trung t\u00ednh (kho\u1ea3ng 6.0 \u2013 7.0).<\/h4>\n<\/li>\n<li data-start=\"599\" data-end=\"841\">\n<h4 data-start=\"601\" data-end=\"617\"><strong data-start=\"601\" data-end=\"615\">T\u00ednh ch\u1ea5t:<\/strong><\/h4>\n<ul data-start=\"620\" data-end=\"841\">\n<li data-start=\"620\" data-end=\"656\">\n<h4 data-start=\"622\" data-end=\"656\">X\u1ed1p, c\u00f3 v\u00f4 s\u1ed1 l\u1ed7 li ti gi\u1eef n\u01b0\u1edbc.<\/h4>\n<\/li>\n<li data-start=\"659\" data-end=\"714\">\n<h4 data-start=\"661\" data-end=\"714\">Kh\u00f4ng m\u1ee5c n\u00e1t, kh\u00f4ng tan r\u00e3 trong m\u00f4i tr\u01b0\u1eddng tr\u1ed3ng.<\/h4>\n<\/li>\n<li data-start=\"717\" data-end=\"765\">\n<h4 data-start=\"719\" data-end=\"765\">Tr\u01a1 v\u1ec1 h\u00f3a h\u1ecdc, kh\u00f4ng ph\u1ea3n \u1ee9ng v\u1edbi ph\u00e2n b\u00f3n.<\/h4>\n<\/li>\n<li data-start=\"768\" data-end=\"841\">\n<h4 data-start=\"770\" data-end=\"841\">Gi\u00e0u kho\u00e1ng vi l\u01b0\u1ee3ng nh\u01b0 silic, canxi, magie, s\u1eaft\u2026 (h\u1eefu \u00edch cho c\u00e2y).<\/h4>\n<\/li>\n<\/ul>\n<\/li>\n<\/ul>\n<h4 data-start=\"848\" data-end=\"878\" data-padding=\"15px\">\ud83c\udf3f C\u00f4ng d\u1ee5ng khi tr\u1ed3ng c\u00e2y:<\/h4>\n<ol data-start=\"879\" data-end=\"1781\">\n<li data-start=\"879\" data-end=\"977\">\n<h4 data-start=\"882\" data-end=\"977\"><strong data-start=\"882\" data-end=\"907\">Tho\u00e1t n\u01b0\u1edbc v\u01b0\u1ee3t tr\u1ed9i:<\/strong> Gi\u00fap \u0111\u1ea5t t\u01a1i x\u1ed1p, ng\u0103n ng\u1eeba \u00fang r\u1ec5, r\u1ea5t h\u1ee3p cho sen \u0111\u00e1, x\u01b0\u01a1ng r\u1ed3ng.<\/h4>\n<\/li>\n<li data-start=\"978\" data-end=\"1062\">\n<h4 data-start=\"981\" data-end=\"1062\"><strong data-start=\"981\" data-end=\"1001\">Gi\u1eef \u1ea9m v\u1eeba ph\u1ea3i:<\/strong> L\u1ed7 kh\u00ed li ti h\u00fat m\u1ed9t ph\u1ea7n n\u01b0\u1edbc r\u1ed3i nh\u1ea3 d\u1ea7n cho r\u1ec5 h\u1ea5p th\u1ee5.<\/h4>\n<\/li>\n<li data-start=\"1063\" data-end=\"1139\">\n<h4 data-start=\"1066\" data-end=\"1139\"><strong data-start=\"1066\" data-end=\"1087\">Th\u00f4ng tho\u00e1ng kh\u00ed:<\/strong> T\u1ea1o m\u00f4i tr\u01b0\u1eddng gi\u00e0u oxy cho r\u1ec5, h\u1ea1n ch\u1ebf n\u1ea5m b\u1ec7nh.<\/h4>\n<\/li>\n<li data-start=\"1140\" data-end=\"1231\">\n<h4 data-start=\"1143\" data-end=\"1231\"><strong data-start=\"1143\" data-end=\"1155\">B\u1ec1n l\u00e2u:<\/strong> Kh\u00f4ng b\u1ecb n\u00e1t nh\u01b0 \u0111\u1ea5t akadama, d\u00f9ng nhi\u1ec1u n\u0103m kh\u00f4ng c\u1ea7n thay th\u01b0\u1eddng xuy\u00ean.<\/h4>\n<\/li>\n<li data-start=\"1232\" data-end=\"1345\">\n<h4 data-start=\"1235\" data-end=\"1345\"><strong data-start=\"1235\" data-end=\"1257\">H\u1ed7 tr\u1ee3 dinh d\u01b0\u1ee1ng:<\/strong> B\u1ea3n th\u00e2n ch\u1ee9a kho\u00e1ng ch\u1ea5t t\u1ef1 nhi\u00ean c\u00f3 l\u1ee3i, \u0111\u1ed3ng th\u1eddi gi\u1eef ph\u00e2n b\u00f3n \u0111\u1ec3 c\u00e2y h\u1ea5p th\u1ee5 d\u1ea7n.<\/h4>\n<\/li>\n<li data-start=\"1346\" data-end=\"1781\">\n<h4 data-start=\"1349\" data-end=\"1372\"><strong data-start=\"1349\" data-end=\"1370\">\u1ee8ng d\u1ee5ng \u0111a d\u1ea1ng:<\/strong><\/h4>\n<ul data-start=\"1376\" data-end=\"1781\">\n<li data-start=\"1376\" data-end=\"1460\">\n<h4 data-start=\"1378\" data-end=\"1460\"><strong data-start=\"1378\" data-end=\"1389\">Bonsai:<\/strong> th\u01b0\u1eddng ph\u1ed1i tr\u1ed9n c\u00f9ng akadama, masato, kiryu \u0111\u1ec3 c\u00e2n b\u1eb1ng \u1ea9m \u2013 tho\u00e1t.<\/h4>\n<\/li>\n<li data-start=\"1464\" data-end=\"1539\">\n<h4 data-start=\"1466\" data-end=\"1539\"><strong data-start=\"1466\" data-end=\"1489\">Sen \u0111\u00e1, x\u01b0\u01a1ng r\u1ed3ng:<\/strong> tr\u1ed9n nhi\u1ec1u pumice \u0111\u1ec3 gi\u00e1 th\u1ec3 tho\u00e1ng, ch\u1ed1ng \u00fang.<\/h4>\n<\/li>\n<li data-start=\"1543\" data-end=\"1610\">\n<h4 data-start=\"1545\" data-end=\"1610\"><strong data-start=\"1545\" data-end=\"1557\">Hoa lan:<\/strong> d\u00f9ng nh\u01b0 m\u1ed9t ph\u1ea7n gi\u00e1 th\u1ec3 ho\u1eb7c thay th\u1ebf than, d\u1edbn.<\/h4>\n<\/li>\n<li data-start=\"1614\" data-end=\"1690\">\n<h4 data-start=\"1616\" data-end=\"1690\"><strong data-start=\"1616\" data-end=\"1633\">Ph\u1ee7 m\u1eb7t ch\u1eadu:<\/strong> l\u1edbp pumice tr\u1eafng s\u00e1ng v\u1eeba th\u1ea9m m\u1ef9 v\u1eeba ch\u1ed1ng \u0111\u00f3ng v\u00e1ng.<\/h4>\n<\/li>\n<li data-start=\"1694\" data-end=\"1781\">\n<h4 data-start=\"1696\" data-end=\"1781\"><strong data-start=\"1696\" data-end=\"1738\">Th\u1ee7y canh \/ n\u00f4ng nghi\u1ec7p c\u00f4ng ngh\u1ec7 cao:<\/strong> l\u00e0m gi\u00e1 th\u1ec3 b\u1ec1n, s\u1ea1ch, t\u00e1i s\u1eed d\u1ee5ng \u0111\u01b0\u1ee3c.<\/h4>\n<\/li>\n<\/ul>\n<\/li>\n<\/ol>\n<h4 data-start=\"1788\" data-end=\"1814\" data-padding=\"15px\">\ud83d\udc49 <strong data-start=\"1791\" data-end=\"1812\">T\u1ef7 l\u1ec7 tr\u1ed9n g\u1ee3i \u00fd:<\/strong><\/h4>\n<ul data-start=\"1815\" data-end=\"1984\">\n<li data-start=\"1815\" data-end=\"1884\">\n<h4 data-start=\"1817\" data-end=\"1884\"><strong data-start=\"1817\" data-end=\"1841\">Sen \u0111\u00e1 \u2013 x\u01b0\u01a1ng r\u1ed3ng:<\/strong> 40\u201370% pumice + tr\u1ea5u hun\/x\u01a1 d\u1eeba\/\u0111\u00e1 kh\u00e1c.<\/h4>\n<\/li>\n<li data-start=\"1885\" data-end=\"1934\">\n<h4 data-start=\"1887\" data-end=\"1934\"><strong data-start=\"1887\" data-end=\"1898\">Bonsai:<\/strong> 20\u201340% pumice + akadama + masato.<\/h4>\n<\/li>\n<li data-start=\"1935\" data-end=\"1984\">\n<h4 data-start=\"1937\" data-end=\"1984\"><strong data-start=\"1937\" data-end=\"1949\">Hoa lan:<\/strong> 30\u201350% pumice + than + v\u1ecf th\u00f4ng.<\/h4>\n<\/li>\n<\/ul>\n<div class=\"_1mf _1mj\" data-offset-key=\"7gfnn-0-0\"><span data-offset-key=\"7gfnn-0-0\">\u2014\ud83c\udf42\u2014\u2013\ud83c\udf42\u2014\u2014\u2013\ud83c\udf42\u2014\u2013\ud83c\udf42\u2014\u2013\ud83c\udf42\u2014\u2013<\/span><\/div>\n<div class=\"_1mf _1mj\" data-offset-key=\"9skf-0-0\"><span data-offset-key=\"9skf-0-0\">V\u01b0\u1eddn C\u1ea7u V\u1ed3ng \u2013 ng\u00f5 309 Ph\u00fa Di\u1ec5n, B\u1eafc T\u1eeb Li\u00eam, H\u00e0 N\u1ed9i (\u0111i h\u1ebft \u0111\u01b0\u1eddng b\u00ea t\u00f4ng, nh\u00ecn b\u00ean tr\u00e1i l\u00e0 V\u01b0\u1eddn C\u1ea7u V\u1ed3ng<\/span><\/div>\n<div class=\"_1mf _1mj\" data-offset-key=\"9rv5h-0-0\"><span data-offset-key=\"9rv5h-0-0\">\u0110T: 03.8284.6606 \u2013 03.4884.6606<\/span><\/div>\n<div class=\"_1mf _1mj\" data-offset-key=\"95tua-0-0\"><span data-offset-key=\"95tua-0-0\">\ud835\udde0\ud835\uddee\ud835\uddfd: https:\/\/maps.app.goo.gl\/1A5ujusTfaw8iw5YA<\/span><\/div>\n<div class=\"_1mf _1mj\" data-offset-key=\"4nl6u-0-0\"><span data-offset-key=\"4nl6u-0-0\">\ud835\udddf\ud835\uddf6\ud835\uddfb\ud835\uddf8 \ud835\uddfa\ud835\ude02\ud835\uddee \ud835\uddfc\ud835\uddfb\ud835\uddf9\ud835\uddf6\ud835\uddfb\ud835\uddf2:<\/span><\/div>\n<div class=\"_1mf _1mj\" data-offset-key=\"an7nu-0-0\"><span data-offset-key=\"an7nu-0-0\">Website: https:\/\/vuoncauvong.com<\/span><\/div>\n<div class=\"_1mf _1mj\" data-offset-key=\"2i8dj-0-0\"><span data-offset-key=\"2i8dj-0-0\">Tiktok: https:\/\/vt.tiktok.com\/vuoncauvong<\/span><\/div>\n<div class=\"\" data-block=\"true\" data-editor=\"2snst\" data-offset-key=\"6496n-0-0\">\n<h4 class=\"_1mf _1mj\" data-offset-key=\"6496n-0-0\" data-padding=\"15px\"><span data-offset-key=\"6496n-0-0\">Shopee: https:\/\/s.shopee.vn\/BJdCo1OW8<\/span><\/h4>\n<\/div>\n","protected":false},"excerpt":{"rendered":"<h4 data-start=\"0\" data-end=\"248\" data-padding=\"15px\">\u0110\u00e1 <strong data-start=\"3\" data-end=\"13\">Pumice<\/strong> (\u0111\u00e1 b\u1ecdt n\u00fai l\u1eeda) l\u00e0 lo\u1ea1i gi\u00e1 th\u1ec3 t\u1ef1 nhi\u00ean r\u1ea5t ph\u1ed5 bi\u1ebfn trong tr\u1ed3ng c\u00e2y c\u1ea3nh, bonsai, sen \u0111\u00e1 \u2013 x\u01b0\u01a1ng r\u1ed3ng v\u00e0 c\u1ea3 n\u00f4ng nghi\u1ec7p c\u00f4ng ngh\u1ec7 cao. \u0110\u00e2y l\u00e0 v\u1eadt li\u1ec7u g\u1ea7n nh\u01b0 \u201cchu\u1ea9n\u201d khi ng\u01b0\u1eddi ch\u01a1i c\u00e2y mu\u1ed1n t\u1ea1o gi\u00e1 th\u1ec3 tho\u00e1ng, b\u1ec1n, ch\u1ed1ng \u00fang r\u1ec5.<br \/>\nV\u01b0\u1eddn C\u1ea7u V\u1ed3ng c\u00f3 \u0111\u00f3ng t\u00fai 1 l\u00edt. Gi\u00e1 hi\u1ec3n th\u1ecb l\u00e0 gi\u00e1 1 l\u00edt.<\/h4>\n","protected":false},"featured_media":760,"comment_status":"open","ping_status":"closed","template":"","meta":[],"product_brand":[],"product_cat":[40],"product_tag":[],"class_list":{"0":"post-774","1":"product","2":"type-product","3":"status-publish","4":"has-post-thumbnail","6":"product_cat-da-khoang","8":"first","9":"instock","10":"sale","11":"shipping-taxable","12":"purchasable","13":"product-type-simple"},"jetpack_sharing_enabled":true,"_links":{"self":[{"href":"https:\/\/vuoncauvong.com\/index.php\/wp-json\/wp\/v2\/product\/774","targetHints":{"allow":["GET"]}}],"collection":[{"href":"https:\/\/vuoncauvong.com\/index.php\/wp-json\/wp\/v2\/product"}],"about":[{"href":"https:\/\/vuoncauvong.com\/index.php\/wp-json\/wp\/v2\/types\/product"}],"replies":[{"embeddable":true,"href":"https:\/\/vuoncauvong.com\/index.php\/wp-json\/wp\/v2\/comments?post=774"}],"wp:featuredmedia":[{"embeddable":true,"href":"https:\/\/vuoncauvong.com\/index.php\/wp-json\/wp\/v2\/media\/760"}],"wp:attachment":[{"href":"https:\/\/vuoncauvong.com\/index.php\/wp-json\/wp\/v2\/media?parent=774"}],"wp:term":[{"taxonomy":"product_brand","embeddable":true,"href":"https:\/\/vuoncauvong.com\/index.php\/wp-json\/wp\/v2\/product_brand?post=774"},{"taxonomy":"product_cat","embeddable":true,"href":"https:\/\/vuoncauvong.com\/index.php\/wp-json\/wp\/v2\/product_cat?post=774"},{"taxonomy":"product_tag","embeddable":true,"href":"https:\/\/vuoncauvong.com\/index.php\/wp-json\/wp\/v2\/product_tag?post=774"}],"curies":[{"name":"wp","href":"https:\/\/api.w.org\/{rel}","templated":true}]}}