{"id":610,"date":"2025-05-04T22:28:42","date_gmt":"2025-05-04T15:28:42","guid":{"rendered":"https:\/\/vuoncauvong.com\/?post_type=product&#038;p=610"},"modified":"2025-05-04T22:40:19","modified_gmt":"2025-05-04T15:40:19","slug":"sen-da-huyet-map","status":"publish","type":"product","link":"https:\/\/vuoncauvong.com\/index.php\/san-pham\/sen-da-huyet-map\/","title":{"rendered":"Sen \u0111\u00e1 huy\u1ebft m\u1eadp"},"content":{"rendered":"<p>Sen \u0111\u00e1 huy\u1ebft m\u1eadp l\u00e0 lo\u1ea1i sen \u0111\u00e1 c\u00f3 d\u1ea1ng c\u00e0nh, ph\u00e1t tri\u1ec3n nhanh v\u00e0 m\u1ea1nh m\u1ebd. L\u1edbp l\u00e1 c\u1ee9ng c\u00e1p d\u00e0y d\u1eb7n v\u1edbi v\u00e2n huy\u1ebft \u0111\u1eadm, l\u00ean m\u00e0u m\u1ea1nh khi th\u1eddi ti\u1ebft l\u1ea1nh v\u00e0 n\u1eafng, m\u1eadp huy\u1ebft \u0111\u01b0\u1ee3c \u01b0a chu\u1ed9ng kh\u00f4ng k\u00e9m g\u00ec h\u1ed3ng m\u1eadp. Sen \u0111\u00e1 huy\u1ebft m\u1eadp ch\u1ecbu \u0111\u01b0\u1ee3c th\u1eddi ti\u1ebft kh\u1eafc nghi\u1ec7t c\u1ee7a x\u1ee9 n\u00f3ng. Sen \u0111\u00e1 huy\u1ebft m\u1eadp c\u1ee7a V\u01b0\u1eddn C\u1ea7u V\u1ed3ng \u0111\u01b0\u1ee3c nh\u1eadp kh\u1ea9u v\u00e0 thu\u1ea7n t\u1ea1i v\u01b0\u1eddn, r\u1ea5t th\u00edch h\u1ee3p v\u1edbi v\u00f9ng kh\u00ed h\u1eadu t\u01b0\u01a1ng t\u1ef1 nh\u01b0 H\u00e0 N\u1ed9i. C\u00e2y c\u00f3 \u0111\u01b0\u1eddng k\u00ednh lo\u1ea3ng 13-15cm.<\/p>\n<p>Tuy nhi\u00ean \u0111\u00e2y l\u00e0 gi\u1ed1ng sen \u0111\u00e1 kh\u1ecfe n\u00ean c\u00f3 th\u1ec3 tr\u1ed3ng \u1edf m\u1ecdi n\u01a1i. Huy\u1ebft m\u1eadp kh\u00f4ng k\u00e9n gi\u00e1 th\u1ec3, b\u1ea1n c\u00f3 th\u1ec3 tr\u1ed3ng \u0111\u1ea5t thitk, \u0111\u1ea5t tr\u1ed9n tr\u1ea5u, tr\u1ed9n x\u01a1 d\u1eeba&#8230; nh\u01b0ng \u0111\u1ec3 c\u00e2y ph\u00e1t tri\u1ec3n t\u1ed1t nh\u1ea5t b\u1ea1n v\u1eabn n\u00ean d\u00f9ng gi\u00e1 th\u1ec3 cho sen \u0111\u00e1.<\/p>\n<p><img loading=\"lazy\" decoding=\"async\" class=\"alignnone size-medium wp-image-611\" src=\"https:\/\/vuoncauvong.com\/wp-content\/uploads\/2025\/05\/11-1-300x300.png\" alt=\"\" width=\"300\" height=\"300\" srcset=\"https:\/\/vuoncauvong.com\/wp-content\/uploads\/2025\/05\/11-1-300x300.png 300w, https:\/\/vuoncauvong.com\/wp-content\/uploads\/2025\/05\/11-1-150x150.png 150w, https:\/\/vuoncauvong.com\/wp-content\/uploads\/2025\/05\/11-1-768x768.png 768w, https:\/\/vuoncauvong.com\/wp-content\/uploads\/2025\/05\/11-1-100x100.png 100w, https:\/\/vuoncauvong.com\/wp-content\/uploads\/2025\/05\/11-1.png 900w\" sizes=\"auto, (max-width: 300px) 100vw, 300px\" \/> <img loading=\"lazy\" decoding=\"async\" class=\"alignnone size-medium wp-image-612\" src=\"https:\/\/vuoncauvong.com\/wp-content\/uploads\/2025\/05\/12-1-300x300.png\" alt=\"\" width=\"300\" height=\"300\" srcset=\"https:\/\/vuoncauvong.com\/wp-content\/uploads\/2025\/05\/12-1-300x300.png 300w, https:\/\/vuoncauvong.com\/wp-content\/uploads\/2025\/05\/12-1-150x150.png 150w, https:\/\/vuoncauvong.com\/wp-content\/uploads\/2025\/05\/12-1-768x768.png 768w, https:\/\/vuoncauvong.com\/wp-content\/uploads\/2025\/05\/12-1-100x100.png 100w, https:\/\/vuoncauvong.com\/wp-content\/uploads\/2025\/05\/12-1.png 900w\" sizes=\"auto, (max-width: 300px) 100vw, 300px\" \/><\/p>\n<p><strong>\u0110\u1ecba ch\u1ec9: V\u01b0\u1eddn C\u1ea7u V\u1ed3ng \u2013 cu\u1ed1i ng\u00f5 309 Ph\u00fa<\/strong><strong>\u00a0Di\u1ec5n \u2013 B\u1eafc T\u1eeb Li\u00eam \u2013 H\u00e0 N\u1ed9i<\/strong><\/p>\n<p>Th\u1eddi gian m\u1edf c\u1eeda: 8h30 -18h<\/p>\n<p>\u0110T: 03.4884.6606 \u2013 03.8284.6606<\/p>\n<p>\ud835\udde0\ud835\uddee\ud835\uddfd: https:\/\/goo.gl\/maps\/dgkwvkpfxyJttKKS9<\/p>\n<p>\ud835\udddf\ud835\uddf6\ud835\uddfb\ud835\uddf8 \ud835\uddfa\ud835\ude02\ud835\uddee \ud835\uddfc\ud835\uddfb\ud835\uddf9\ud835\uddf6\ud835\uddfb\ud835\uddf2: https:\/\/vuoncauvong.com<\/p>\n<p>\ud835\udddf\ud835\uddf6\ud835\uddfb\ud835\uddf8 \ud835\udde6\ud835\uddf5\ud835\uddfc\ud835\uddfd\ud835\uddf2\ud835\uddf2 https:\/\/shope.ee\/8eubYh9rNq<\/p>\n<p>#sen\u0111\u00e1 #v\u01b0\u1eddnc\u1ea7uv\u1ed3ng #vuoncauvong #309Ph\u00faDi\u1ec5n<\/p>\n","protected":false},"excerpt":{"rendered":"<p>Sen \u0111\u00e1 huy\u1ebft m\u1eadp l\u00e0 lo\u1ea1i sen \u0111\u00e1 c\u00f3 d\u1ea1ng c\u00e0nh, ph\u00e1t tri\u1ec3n nhanh v\u00e0 m\u1ea1nh m\u1ebd. L\u1edbp l\u00e1 c\u1ee9ng c\u00e1p d\u00e0y d\u1eb7n v\u1edbi v\u00e2n huy\u1ebft \u0111\u1eadm, l\u00ean m\u00e0u m\u1ea1nh khi th\u1eddi ti\u1ebft l\u1ea1nh v\u00e0 n\u1eafng, m\u1eadp huy\u1ebft \u0111\u01b0\u1ee3c \u01b0a chu\u1ed9ng kh\u00f4ng k\u00e9m g\u00ec h\u1ed3ng m\u1eadp.<\/p>\n","protected":false},"featured_media":612,"comment_status":"open","ping_status":"closed","template":"","meta":[],"product_brand":[],"product_cat":[37,22],"product_tag":[],"class_list":{"0":"post-610","1":"product","2":"type-product","3":"status-publish","4":"has-post-thumbnail","6":"product_cat-sen-da-nhap-khau","7":"product_cat-sen-da","9":"first","10":"instock","11":"sale","12":"shipping-taxable","13":"purchasable","14":"product-type-simple"},"jetpack_sharing_enabled":true,"_links":{"self":[{"href":"https:\/\/vuoncauvong.com\/index.php\/wp-json\/wp\/v2\/product\/610","targetHints":{"allow":["GET"]}}],"collection":[{"href":"https:\/\/vuoncauvong.com\/index.php\/wp-json\/wp\/v2\/product"}],"about":[{"href":"https:\/\/vuoncauvong.com\/index.php\/wp-json\/wp\/v2\/types\/product"}],"replies":[{"embeddable":true,"href":"https:\/\/vuoncauvong.com\/index.php\/wp-json\/wp\/v2\/comments?post=610"}],"wp:featuredmedia":[{"embeddable":true,"href":"https:\/\/vuoncauvong.com\/index.php\/wp-json\/wp\/v2\/media\/612"}],"wp:attachment":[{"href":"https:\/\/vuoncauvong.com\/index.php\/wp-json\/wp\/v2\/media?parent=610"}],"wp:term":[{"taxonomy":"product_brand","embeddable":true,"href":"https:\/\/vuoncauvong.com\/index.php\/wp-json\/wp\/v2\/product_brand?post=610"},{"taxonomy":"product_cat","embeddable":true,"href":"https:\/\/vuoncauvong.com\/index.php\/wp-json\/wp\/v2\/product_cat?post=610"},{"taxonomy":"product_tag","embeddable":true,"href":"https:\/\/vuoncauvong.com\/index.php\/wp-json\/wp\/v2\/product_tag?post=610"}],"curies":[{"name":"wp","href":"https:\/\/api.w.org\/{rel}","templated":true}]}}