{"id":406,"date":"2024-11-30T00:44:53","date_gmt":"2024-11-29T17:44:53","guid":{"rendered":"https:\/\/vuoncauvong.com\/?post_type=product&#038;p=406"},"modified":"2024-12-27T04:39:24","modified_gmt":"2024-12-26T21:39:24","slug":"chau-huong-duong-bui-thuan","status":"publish","type":"product","link":"https:\/\/vuoncauvong.com\/index.php\/san-pham\/chau-huong-duong-bui-thuan\/","title":{"rendered":"Ch\u1eadu h\u01b0\u1edbng d\u01b0\u01a1ng b\u1ee5i thu\u1ea7n"},"content":{"rendered":"<p><strong><em>H\u01b0\u1edbng d\u01b0\u01a1ng b\u1ee5i<\/em><\/strong> l\u00e0 lo\u1ea1i <strong><em>h\u01b0\u1edbng d\u01b0\u01a1ng<\/em><\/strong> th\u00e2n g\u1ed7, ph\u00e1t tri\u1ec3n d\u1ea1ng b\u1ee5i nhi\u1ec1u c\u00e0nh. <strong><em>H\u01b0\u1edbng d\u01b0\u01a1ng b\u1ee5i<\/em><\/strong> c\u00f3 \u0111\u1eb7c \u0111i\u1ec3m sai hoa, t\u00e0n l\u1ee9a hoa n\u00e0y s\u1ebd ra l\u1ee9a hoa kh\u00e1c v\u00e0 c\u00f3 th\u1ec3 s\u1ed1ng l\u00e2u n\u0103m.<\/p>\n<p>M\u00f9a hoa <strong><em>h\u01b0\u1edbng d\u01b0\u01a1ng b\u1ee5i<\/em><\/strong> t\u1eeb th\u00e1ng 7 \u0111\u1ebfn T\u1ebft. \u0110\u00e2y l\u00e0 th\u1eddi \u0111i\u1ec3m <strong><em>h\u01b0\u1edbng d\u01b0\u01a1ng b\u1ee5i<\/em><\/strong> c\u00f3 nhi\u1ec1u hoa nh\u1ea5t, nh\u1eefng m\u00f9a kh\u00e1c c\u00f3 \u00edt hoa h\u01a1n.<\/p>\n<p><strong><em>H\u01b0\u1edbng d\u01b0\u01a1ng b\u1ee5i<\/em><\/strong> \u1edf <strong><em>V\u01b0\u1eddn C\u1ea7u V\u1ed3ng<\/em><\/strong> \u0111\u00e3 \u0111\u01b0\u1ee3c thu\u1ea7n c\u00e2y, quen nhi\u1ec7t \u0111\u1ed9 v\u00e0 ch\u1ebf \u0111\u1ed9 ch\u0103m s\u00f3c ngo\u00e0i nh\u00e0 k\u00ednh n\u00ean r\u1ea5t kh\u1ecfe. Ch\u1eadu sum nh\u01b0 h\u00ecnh d\u01b0\u1edbi.<\/p>\n<p style=\"text-align: center;\"><img loading=\"lazy\" decoding=\"async\" class=\"alignnone size-large wp-image-410\" src=\"https:\/\/vuoncauvong.com\/wp-content\/uploads\/2024\/11\/z6069110010551_32dd21bdc1709937b0bf42720ff453a0-683x1024.jpg\" alt=\"\" width=\"683\" height=\"1024\" srcset=\"https:\/\/vuoncauvong.com\/wp-content\/uploads\/2024\/11\/z6069110010551_32dd21bdc1709937b0bf42720ff453a0-683x1024.jpg 683w, https:\/\/vuoncauvong.com\/wp-content\/uploads\/2024\/11\/z6069110010551_32dd21bdc1709937b0bf42720ff453a0-200x300.jpg 200w, https:\/\/vuoncauvong.com\/wp-content\/uploads\/2024\/11\/z6069110010551_32dd21bdc1709937b0bf42720ff453a0-768x1152.jpg 768w, https:\/\/vuoncauvong.com\/wp-content\/uploads\/2024\/11\/z6069110010551_32dd21bdc1709937b0bf42720ff453a0-1024x1536.jpg 1024w, https:\/\/vuoncauvong.com\/wp-content\/uploads\/2024\/11\/z6069110010551_32dd21bdc1709937b0bf42720ff453a0-1366x2048.jpg 1366w, https:\/\/vuoncauvong.com\/wp-content\/uploads\/2024\/11\/z6069110010551_32dd21bdc1709937b0bf42720ff453a0-1320x1980.jpg 1320w, https:\/\/vuoncauvong.com\/wp-content\/uploads\/2024\/11\/z6069110010551_32dd21bdc1709937b0bf42720ff453a0-100x150.jpg 100w, https:\/\/vuoncauvong.com\/wp-content\/uploads\/2024\/11\/z6069110010551_32dd21bdc1709937b0bf42720ff453a0.jpg 1707w\" sizes=\"auto, (max-width: 683px) 100vw, 683px\" \/><\/p>\n<p style=\"text-align: left;\">Gi\u00e1 c\u1ee7a <strong><em>h\u01b0\u1edbng d\u01b0\u01a1ng b\u1ee5i<\/em><\/strong> hay c\u00e1c lo\u1ea1i hoa ch\u1eadu n\u00f3i chung s\u1ebd thay \u0111\u1ed5i t\u00f9y th\u1eddi \u0111i\u1ec3m v\u00e0 t\u00f9y \u0111\u1ed9 to c\u1ee7a t\u1eebng l\u1ee9a c\u00e2y. N\u1ebfu mu\u1ed1n bi\u1ebft gi\u00e1 c\u1ee7a <strong><em>h\u01b0\u1edbng d\u01b0\u01a1ng b\u1ee5i<\/em><\/strong>, b\u1ea1n h\u00e3y li\u00ean h\u1ec7 v\u1edbi <strong><em>V\u01b0\u1eddn C\u1ea7u V\u1ed3ng<\/em><\/strong> \u0111\u1ec3 bi\u1ebft gi\u00e1 \u1edf th\u1eddi \u0111i\u1ec3m hi\u1ec7n t\u1ea1i nha. <img loading=\"lazy\" decoding=\"async\" class=\"alignnone size-large wp-image-407\" src=\"https:\/\/vuoncauvong.com\/wp-content\/uploads\/2024\/11\/z6069109980121_d33b717d89a5bc6770a0491b6118b217-1024x724.jpg\" alt=\"\" width=\"1020\" height=\"721\" srcset=\"https:\/\/vuoncauvong.com\/wp-content\/uploads\/2024\/11\/z6069109980121_d33b717d89a5bc6770a0491b6118b217-1024x724.jpg 1024w, https:\/\/vuoncauvong.com\/wp-content\/uploads\/2024\/11\/z6069109980121_d33b717d89a5bc6770a0491b6118b217-2000x1414.jpg 2000w, https:\/\/vuoncauvong.com\/wp-content\/uploads\/2024\/11\/z6069109980121_d33b717d89a5bc6770a0491b6118b217-300x212.jpg 300w, https:\/\/vuoncauvong.com\/wp-content\/uploads\/2024\/11\/z6069109980121_d33b717d89a5bc6770a0491b6118b217-768x543.jpg 768w, https:\/\/vuoncauvong.com\/wp-content\/uploads\/2024\/11\/z6069109980121_d33b717d89a5bc6770a0491b6118b217-1536x1086.jpg 1536w, https:\/\/vuoncauvong.com\/wp-content\/uploads\/2024\/11\/z6069109980121_d33b717d89a5bc6770a0491b6118b217-2048x1448.jpg 2048w, https:\/\/vuoncauvong.com\/wp-content\/uploads\/2024\/11\/z6069109980121_d33b717d89a5bc6770a0491b6118b217-1320x933.jpg 1320w\" sizes=\"auto, (max-width: 1020px) 100vw, 1020px\" \/><\/p>\n<p>Mua <strong><em>h\u01b0\u01a1ng d\u01b0\u01a1ng b\u1ee5i <\/em><\/strong>\u1edf \u0111\u00e2u? \u0110\u1ec3 mua \u0111\u01b0\u1ee3c c\u00e2y gi\u1ed1ng <strong><em>h\u01b0\u01a1ng d\u01b0\u01a1ng b\u1ee5i <\/em><\/strong>kh\u1ecfe, gi\u00e0 c\u00e2y, b\u1ea1n n\u00ean t\u1edbi V\u01b0\u1eddn C\u1ea7u V\u1ed3ng &#8211; m\u1ed9t v\u01b0\u1eddn c\u00e2y c\u00f3 uy t\u00edn t\u1ea1i H\u00e0 N\u1ed9i.<br \/>\nN\u1ebfu b\u1ea1n mu\u1ed1n mua <strong><em>h\u01b0\u01a1ng d\u01b0\u01a1ng b\u1ee5i <\/em><\/strong>m\u00e0 ch\u01b0a r\u00f5 c\u00e1ch ch\u0103m s\u00f3c hay g\u1eb7p v\u1ea5n \u0111\u1ec1 khi ch\u0103m s\u00f3c, \u0111\u1eebng ng\u1ea7n ng\u1ea1i li\u00ean h\u1ec7 V\u01b0\u1eddn C\u1ea7u V\u1ed3ng \u0111\u1ec3 \u0111\u01b0\u1ee3c h\u01b0\u1edbng d\u1eabn mi\u1ec5n ph\u00ed.<\/p>\n<p style=\"text-align: left;\"><img loading=\"lazy\" decoding=\"async\" class=\"alignnone size-large wp-image-409\" src=\"https:\/\/vuoncauvong.com\/wp-content\/uploads\/2024\/11\/z6069109993236_5fe35aca4257a41cde459758f577469e-1024x724.jpg\" alt=\"\" width=\"1020\" height=\"721\" \/><\/p>\n<p><strong>\u0110\u1ecba ch\u1ec9: V\u01b0\u1eddn C\u1ea7u V\u1ed3ng \u2013 cu\u1ed1i ng\u00f5 309 Ph\u00fa<\/strong><strong> Di\u1ec5n<\/strong> (\u0111i h\u1ebft \u0111\u01b0\u1eddng b\u00ea t\u00f4ng, \u0111i th\u00eam 30m \u0111\u01b0\u1eddng \u0111\u1ea5t, k\u1ecbch ng\u00f5 l\u00e0 V\u01b0\u1eddn C\u1ea7u V\u1ed3ng)<\/p>\n<p>Th\u1eddi gian m\u1edf c\u1eeda: 8h30 -18h<\/p>\n<p>\u0110T: 03.4884.6606 \u2013 03.8284.6606<\/p>\n<p>\ud835\udde0\ud835\uddee\ud835\uddfd: https:\/\/goo.gl\/maps\/dgkwvkpfxyJttKKS9<\/p>\n<p>\ud835\udddf\ud835\uddf6\ud835\uddfb\ud835\uddf8 \ud835\uddfa\ud835\ude02\ud835\uddee \ud835\uddfc\ud835\uddfb\ud835\uddf9\ud835\uddf6\ud835\uddfb\ud835\uddf2: https:\/\/vuoncauvong.com<\/p>\n<p>\ud835\udddf\ud835\uddf6\ud835\uddfb\ud835\uddf8 \ud835\udde6\ud835\uddf5\ud835\uddfc\ud835\uddfd\ud835\uddf2\ud835\uddf2 https:\/\/shope.ee\/8eubYh9rNq<\/p>\n<p>\u26a1 V\u01b0\u1eddn c\u00f3 tuy\u1ec3n CTV b\u00e1n sen \u0111\u00e1 \u26a1<\/p>\n<p>#sen\u0111\u00e1 #v\u01b0\u1eddnc\u1ea7uv\u1ed3ng #vuoncauvong #309Ph\u00faDi\u1ec5n<\/p>\n<p>&nbsp;<\/p>\n","protected":false},"excerpt":{"rendered":"<p><strong><em>H\u01b0\u1edbng d\u01b0\u01a1ng b\u1ee5i<\/em><\/strong> l\u00e0 lo\u1ea1i <strong><em>h\u01b0\u1edbng d\u01b0\u01a1ng<\/em><\/strong> th\u00e2n g\u1ed7, ph\u00e1t tri\u1ec3n d\u1ea1ng b\u1ee5i nhi\u1ec1u c\u00e0nh. <strong><em>H\u01b0\u1edbng d\u01b0\u01a1ng b\u1ee5i<\/em><\/strong> c\u00f3 \u0111\u1eb7c \u0111i\u1ec3m sai hoa, t\u00e0n l\u1ee9a hoa n\u00e0y s\u1ebd ra l\u1ee9a hoa kh\u00e1c v\u00e0 c\u00f3 th\u1ec3 s\u1ed1ng l\u00e2u n\u0103m.<\/p>\n","protected":false},"featured_media":409,"comment_status":"open","ping_status":"closed","template":"","meta":[],"product_brand":[],"product_cat":[21],"product_tag":[],"class_list":{"0":"post-406","1":"product","2":"type-product","3":"status-publish","4":"has-post-thumbnail","6":"product_cat-chua-phan-loai","8":"first","9":"instock","10":"shipping-taxable","11":"product-type-simple"},"jetpack_sharing_enabled":true,"_links":{"self":[{"href":"https:\/\/vuoncauvong.com\/index.php\/wp-json\/wp\/v2\/product\/406","targetHints":{"allow":["GET"]}}],"collection":[{"href":"https:\/\/vuoncauvong.com\/index.php\/wp-json\/wp\/v2\/product"}],"about":[{"href":"https:\/\/vuoncauvong.com\/index.php\/wp-json\/wp\/v2\/types\/product"}],"replies":[{"embeddable":true,"href":"https:\/\/vuoncauvong.com\/index.php\/wp-json\/wp\/v2\/comments?post=406"}],"wp:featuredmedia":[{"embeddable":true,"href":"https:\/\/vuoncauvong.com\/index.php\/wp-json\/wp\/v2\/media\/409"}],"wp:attachment":[{"href":"https:\/\/vuoncauvong.com\/index.php\/wp-json\/wp\/v2\/media?parent=406"}],"wp:term":[{"taxonomy":"product_brand","embeddable":true,"href":"https:\/\/vuoncauvong.com\/index.php\/wp-json\/wp\/v2\/product_brand?post=406"},{"taxonomy":"product_cat","embeddable":true,"href":"https:\/\/vuoncauvong.com\/index.php\/wp-json\/wp\/v2\/product_cat?post=406"},{"taxonomy":"product_tag","embeddable":true,"href":"https:\/\/vuoncauvong.com\/index.php\/wp-json\/wp\/v2\/product_tag?post=406"}],"curies":[{"name":"wp","href":"https:\/\/api.w.org\/{rel}","templated":true}]}}