{"id":394,"date":"2024-11-30T00:00:14","date_gmt":"2024-11-29T17:00:14","guid":{"rendered":"https:\/\/vuoncauvong.com\/?post_type=product&#038;p=394"},"modified":"2025-02-09T01:20:19","modified_gmt":"2025-02-08T18:20:19","slug":"cay-hung-tay-basil","status":"publish","type":"product","link":"https:\/\/vuoncauvong.com\/index.php\/san-pham\/cay-hung-tay-basil\/","title":{"rendered":"C\u00e2y h\u00fang t\u00e2y basil"},"content":{"rendered":"<p><strong><em>H\u00fang t\u00e2y<\/em><\/strong> (t\u00ean ti\u1ebfng Anh: Basil)\u00a0l\u00e0 m\u1ed9t lo\u1ea1i\u00a0rau th\u01a1m\u00a0c\u00f3 h\u1ecd h\u00e0ng g\u1ea7n v\u1edbi\u00a0h\u00fang qu\u1ebf\u00a0v\u00e0 l\u00e0 h\u1ecd h\u00e0ng xa v\u1edbi\u00a0c\u00e2y\u00a0b\u1ea1c h\u00e0. <strong><em>H\u00fang t\u00e2y<\/em><\/strong> d\u1ec5 sinh tr\u01b0\u1edfng, ph\u00e1t tri\u1ec3n m\u1ea1nh nh\u1ea5t v\u00e0o m\u00f9a h\u00e8, \u01b0a tho\u00e1ng m\u00e1t.<\/p>\n<p>L\u00e1 c\u1ee7a <strong><em>h\u00fang t\u00e2y<\/em><\/strong> th\u01b0\u1eddng\u00a0tr\u01a1n, c\u00f3 h\u00ecnh b\u1ea7u, m\u00e0u xanh, v\u1ecb h\u01a1i cay cay v\u00e0 c\u00f3 m\u00f9i th\u01a1m \u0111\u1eb7c tr\u01b0ng\u00a0kh\u00f3 c\u01b0\u1ee1ng. Ch\u00ednh v\u00ec v\u1eady, trong \u1ea9m th\u1ef1c, <strong><em>h\u00fang t\u00e2y<\/em><\/strong> \u0111\u01b0\u1ee3c s\u1eed d\u1ee5ng ph\u1ed5 bi\u1ebfn \u0111\u1ec3 \u0103n s\u1ed1ng c\u00f9ng c\u00e1c m\u00f3n \u0103n, ho\u1eb7c l\u00e0 nguy\u00ean li\u1ec7u gi\u00fap t\u0103ng th\u00eam h\u01b0\u01a1ng v\u1ecb cho c\u00e1c m\u00f3n s\u00fap, x\u1ed1t,\u00a0pizza\u00a0hay salad ho\u1eb7c c\u00e1c m\u00f3n b\u00e1nh.<\/p>\n<p style=\"text-align: center;\"><img loading=\"lazy\" decoding=\"async\" class=\"alignnone size-medium wp-image-395\" src=\"https:\/\/vuoncauvong.com\/wp-content\/uploads\/2024\/11\/z6068666508147_b2d56318fe9852f35a3457c3b3f0c52c-300x212.jpg\" alt=\"\" width=\"300\" height=\"212\" \/><\/p>\n<p><strong><u>C\u00f4ng d\u1ee5ng c\u1ee7a h\u00fang t\u00e2y \u0111\u1ed1i v\u1edbi s\u1ee9c kh\u1ecfe<\/u><\/strong><\/p>\n<p><strong>Gi\u00fap b\u1ea3o v\u1ec7 tim<\/strong><\/p>\n<p><strong><em>H\u00fang t\u00e2y<\/em><\/strong> c\u00f3\u00a0ch\u1ee9a th\u00e0nh ph\u1ea7n c\u00e1c\u00a0ch\u1ea5t ch\u1ed1ng oxy h\u00f3a\u00a0v\u1edbi c\u00e1c \u0111\u1eb7c t\u00ednh ch\u1ed1ng vi\u00eam hi\u1ec7u qu\u1ea3, ng\u0103n ng\u1eeba nguy c\u01a1 m\u1eafc m\u1ed9t s\u1ed1 b\u1ec7nh tim m\u1ea1ch.<\/p>\n<p><strong>Tr\u1ecb c\u1ea3m l\u1ea1nh<\/strong><\/p>\n<p><strong><em>H\u00fang t\u00e2y<\/em><\/strong>\u00a0c\u00f3 t\u00ednh s\u00e1t tr\u00f9ng v\u00e0 kh\u00e1ng sinh, c\u00f3 t\u00e1c d\u1ee5ng ng\u0103n ng\u1eeba s\u1ef1 x\u00e2m nh\u1eadp c\u1ee7a c\u00e1c vi khu\u1ea9n c\u00f3 h\u1ea1i cho s\u1ee9c kh\u1ecfe con ng\u01b0\u1eddi. \u0110\u00e2y l\u00e0 m\u1ed9t\u00a0ph\u01b0\u01a1ng thu\u1ed1c tuy\u1ec7t v\u1eddi\u00a0cho b\u1ea1n khi b\u1ecb c\u1ea3m l\u1ea1nh, ho hay \u0111au h\u1ecdng.<\/p>\n<p>Kh\u00f4ng nh\u1eefng h\u00fang c\u00e2y t\u01b0\u01a1i m\u00e0 tinh d\u1ea7u h\u00fang t\u00e2y hay c\u00e1c s\u1ea3n ph\u1ea9m c\u00f3 ch\u1ee9a th\u00e0nh ph\u1ea7n h\u00fang t\u00e2y c\u0169ng c\u00f3 c\u00f4ng d\u1ee5ng kh\u00e1ng sinh, ch\u1ed1ng l\u1ea1i nhi\u1ec1u lo\u1ea1i vi khu\u1ea9n nh\u01b0\u00a0h\u00fang ch\u00f3.<\/p>\n<p><strong>Ng\u0103n ng\u1eeba m\u1ee5n tr\u1ee9ng c\u00e1 v\u00e0 ng\u0103n t\u00f3c g\u00e3y r\u1ee5ng<\/strong><\/p>\n<p>Do t\u00e1c d\u1ee5ng kh\u00e1ng khu\u1ea9n nh\u01b0 \u0111\u00e3 \u0111\u1ec1 c\u1eadp, n\u00ean h\u00fang t\u00e2y\u00a0ng\u0103n ng\u1eeba \u0111\u01b0\u1ee3c s\u1ef1 h\u00ecnh th\u00e0nh c\u1ee7a c\u00e1c t\u00e1c nh\u00e2n g\u00e2y m\u1ee5n. Ngo\u00e0i ra, ch\u00fang th\u01b0\u1eddng \u0111\u01b0\u1ee3c d\u00f9ng trong c\u00e1c lo\u1ea1i kem tr\u1ecb m\u1ee5n v\u00e0\u00a0s\u1eefa r\u1eeda m\u1eb7t.<\/p>\n<p>Khi \u0111\u01b0\u1ee3c k\u1ebft h\u1ee3p v\u1edbi c\u00e1c lo\u1ea1i th\u1ea3o m\u1ed9c kh\u00e1c \u0111\u1ec3 d\u00f9ng cho t\u00f3c, <strong><em>h\u00fang t\u00e2y<\/em><\/strong> c\u00f3 th\u1ec3 gi\u00fap\u00a0ph\u1ee5c h\u1ed3i ch\u00e2n t\u00f3c, ng\u0103n t\u00f3c g\u00e3y r\u1ee5ng m\u1ed9t c\u00e1ch t\u1ed1i \u0111a. B\u00ean c\u1ea1nh \u0111\u00f3 c\u00f2n gi\u00fap k\u00edch th\u00edch s\u1ef1 ph\u00e1t tri\u1ec3n c\u1ee7a t\u00f3c.<\/p>\n<p>Mua <strong><em>h\u00fang t\u00e2y<\/em><\/strong>\u00a0\u1edf \u0111\u00e2u? \u0110\u1ec3 mua \u0111\u01b0\u1ee3c c\u00e2y gi\u1ed1ng<strong><em> h\u00fang t\u00e2y<\/em><\/strong> kh\u1ecfe, gi\u00e0 c\u00e2y, b\u1ea1n n\u00ean t\u1edbi V\u01b0\u1eddn C\u1ea7u V\u1ed3ng &#8211; m\u1ed9t v\u01b0\u1eddn c\u00e2y c\u1ea3nh, c\u00e2y gi\u1ed1ng c\u00f3 uy t\u00edn t\u1ea1i H\u00e0 N\u1ed9i.<br \/>\nN\u1ebfu b\u1ea1n mu\u1ed1n mua <strong><em>h\u00fang t\u00e2y<\/em><\/strong>\u00a0m\u00e0 ch\u01b0a r\u00f5 c\u00e1ch ch\u0103m s\u00f3c hay g\u1eb7p v\u1ea5n \u0111\u1ec1 khi ch\u0103m s\u00f3c, \u0111\u1eebng ng\u1ea7n ng\u1ea1i li\u00ean h\u1ec7 V\u01b0\u1eddn C\u1ea7u V\u1ed3ng \u0111\u1ec3 \u0111\u01b0\u1ee3c h\u01b0\u1edbng d\u1eabn mi\u1ec5n ph\u00ed.<\/p>\n<p><strong>\u0110\u1ecba ch\u1ec9: V\u01b0\u1eddn C\u1ea7u V\u1ed3ng \u2013 cu\u1ed1i ng\u00f5 309 Ph\u00fa<\/strong> <strong>Di\u1ec5n<\/strong> (\u0111i h\u1ebft \u0111\u01b0\u1eddng b\u00ea t\u00f4ng, \u0111i th\u00eam 30m \u0111\u01b0\u1eddng \u0111\u1ea5t, k\u1ecbch ng\u00f5 l\u00e0 V\u01b0\u1eddn C\u1ea7u V\u1ed3ng)<\/p>\n<p>Th\u1eddi gian m\u1edf c\u1eeda: 8h30 -18h<\/p>\n<p>\u0110T: 03.4884.6606 \u2013 03.8284.6606<\/p>\n<p>\ud835\udde0\ud835\uddee\ud835\uddfd: https:\/\/goo.gl\/maps\/dgkwvkpfxyJttKKS9<\/p>\n<p>\ud835\udddf\ud835\uddf6\ud835\uddfb\ud835\uddf8 \ud835\uddfa\ud835\ude02\ud835\uddee \ud835\uddfc\ud835\uddfb\ud835\uddf9\ud835\uddf6\ud835\uddfb\ud835\uddf2: https:\/\/vuoncauvong.com<\/p>\n<p>\ud835\udddf\ud835\uddf6\ud835\uddfb\ud835\uddf8 \ud835\udde6\ud835\uddf5\ud835\uddfc\ud835\uddfd\ud835\uddf2\ud835\uddf2 https:\/\/shope.ee\/8eubYh9rNq<\/p>\n<p>\u26a1 V\u01b0\u1eddn c\u00f3 tuy\u1ec3n CTV b\u00e1n sen \u0111\u00e1 \u26a1<\/p>\n","protected":false},"excerpt":{"rendered":"<p><strong><em>H\u00fang t\u00e2y<\/em><\/strong> (t\u00ean ti\u1ebfng Anh: Basil)\u00a0l\u00e0 m\u1ed9t lo\u1ea1i\u00a0rau th\u01a1m\u00a0c\u00f3 h\u1ecd h\u00e0ng g\u1ea7n v\u1edbi\u00a0h\u00fang qu\u1ebf\u00a0v\u00e0 l\u00e0 h\u1ecd h\u00e0ng xa v\u1edbi\u00a0c\u00e2y\u00a0b\u1ea1c h\u00e0. <strong><em>H\u00fang t\u00e2y<\/em><\/strong> d\u1ec5 sinh tr\u01b0\u1edfng, ph\u00e1t tri\u1ec3n m\u1ea1nh nh\u1ea5t v\u00e0o m\u00f9a h\u00e8, \u01b0a tho\u00e1ng m\u00e1t.<\/p>\n<p>L\u00e1 c\u1ee7a <strong><em>h\u00fang t\u00e2y<\/em><\/strong> th\u01b0\u1eddng\u00a0tr\u01a1n, c\u00f3 h\u00ecnh b\u1ea7u, m\u00e0u xanh, v\u1ecb h\u01a1i cay cay v\u00e0 c\u00f3 m\u00f9i th\u01a1m \u0111\u1eb7c tr\u01b0ng\u00a0kh\u00f3 c\u01b0\u1ee1ng. Ch\u00ednh v\u00ec v\u1eady, trong \u1ea9m th\u1ef1c, <strong><em>h\u00fang t\u00e2y<\/em><\/strong> \u0111\u01b0\u1ee3c s\u1eed d\u1ee5ng ph\u1ed5 bi\u1ebfn \u0111\u1ec3 \u0103n s\u1ed1ng c\u00f9ng c\u00e1c m\u00f3n \u0103n, ho\u1eb7c l\u00e0 nguy\u00ean li\u1ec7u gi\u00fap t\u0103ng th\u00eam h\u01b0\u01a1ng v\u1ecb cho c\u00e1c m\u00f3n s\u00fap, x\u1ed1t,\u00a0pizza\u00a0hay salad ho\u1eb7c c\u00e1c m\u00f3n b\u00e1nh.<\/p>\n","protected":false},"featured_media":395,"comment_status":"open","ping_status":"closed","template":"","meta":[],"product_brand":[],"product_cat":[30],"product_tag":[],"class_list":{"0":"post-394","1":"product","2":"type-product","3":"status-publish","4":"has-post-thumbnail","6":"product_cat-cay-gia-vi","8":"first","9":"instock","10":"sale","11":"shipping-taxable","12":"purchasable","13":"product-type-simple"},"jetpack_sharing_enabled":true,"_links":{"self":[{"href":"https:\/\/vuoncauvong.com\/index.php\/wp-json\/wp\/v2\/product\/394","targetHints":{"allow":["GET"]}}],"collection":[{"href":"https:\/\/vuoncauvong.com\/index.php\/wp-json\/wp\/v2\/product"}],"about":[{"href":"https:\/\/vuoncauvong.com\/index.php\/wp-json\/wp\/v2\/types\/product"}],"replies":[{"embeddable":true,"href":"https:\/\/vuoncauvong.com\/index.php\/wp-json\/wp\/v2\/comments?post=394"}],"wp:featuredmedia":[{"embeddable":true,"href":"https:\/\/vuoncauvong.com\/index.php\/wp-json\/wp\/v2\/media\/395"}],"wp:attachment":[{"href":"https:\/\/vuoncauvong.com\/index.php\/wp-json\/wp\/v2\/media?parent=394"}],"wp:term":[{"taxonomy":"product_brand","embeddable":true,"href":"https:\/\/vuoncauvong.com\/index.php\/wp-json\/wp\/v2\/product_brand?post=394"},{"taxonomy":"product_cat","embeddable":true,"href":"https:\/\/vuoncauvong.com\/index.php\/wp-json\/wp\/v2\/product_cat?post=394"},{"taxonomy":"product_tag","embeddable":true,"href":"https:\/\/vuoncauvong.com\/index.php\/wp-json\/wp\/v2\/product_tag?post=394"}],"curies":[{"name":"wp","href":"https:\/\/api.w.org\/{rel}","templated":true}]}}