{"id":315,"date":"2024-11-26T21:24:19","date_gmt":"2024-11-26T14:24:19","guid":{"rendered":"https:\/\/vuoncauvong.com\/?post_type=product&#038;p=315"},"modified":"2024-11-26T21:24:19","modified_gmt":"2024-11-26T14:24:19","slug":"sen-da-kim-cuong-trang-vi-cay-giong","status":"publish","type":"product","link":"https:\/\/vuoncauvong.com\/index.php\/san-pham\/sen-da-kim-cuong-trang-vi-cay-giong\/","title":{"rendered":"Sen \u0111\u00e1 kim c\u01b0\u01a1ng tr\u1eafng v\u1ec9 (c\u00e2y gi\u1ed1ng)"},"content":{"rendered":"<p><em><strong>Sen \u0111\u00e1 kim c\u01b0\u01a1ng tr\u1eafng v\u1ec9 <\/strong><\/em>l\u00e0 lo\u1ea1i c\u00e2y sen gi\u1ed1ng, c\u00f3 \u0111\u01b0\u1eddng k\u00ednh b\u1ea7u \u0111\u1ea5t kho\u1ea3ng 2,5cm, \u0111\u01b0\u1eddng k\u00ednh 3-3.5cm. <em><strong>Sen \u0111\u00e1 kim c\u01b0\u01a1ng tr\u1eafng v\u1ec9 <\/strong><\/em><em>c\u00f3 <\/em>form tr\u00f2n tr\u1ecba, c\u00e1c l\u1edbp l\u00e1 c\u00f3 kh\u00eda nh\u01b0 vi\u00ean kim c\u01b0\u01a1ng, c\u0103ng m\u1ecdng v\u00e0 c\u1ee9ng c\u00e1p. <em><strong>Sen \u0111\u00e1 kim c\u01b0\u01a1ng tr\u1eafng<\/strong><\/em> \u0111\u01b0\u1ee3c coi l\u00e0 c\u00e2y phong th\u1ee7y, mang l\u1ea1i t\u00e0i l\u1ed9c cho gia ch\u1ee7. \u0110\u00e2y l\u00e0 gi\u1ed1ng sen ch\u1eadm l\u1edbn n\u00ean r\u1ea5t \u00edt n\u01a1i s\u1ea3n xu\u1ea5t, v\u00ec v\u1eady kh\u00e1 hi\u1ebfm.<\/p>\n<p><strong><em>Sen \u0111\u00e1 kim c\u01b0\u01a1ng tr\u1eafng v\u1ec9 <\/em><\/strong>th\u00edch h\u1ee3p d\u00f9ng l\u00e0m c\u00e2y trang tr\u00ed, tr\u1ed3ng ti\u1ec3u c\u1ea3nh, mix ch\u1eadu. Kim c\u01b0\u01a1ng tr\u1eafng l\u00e0 d\u00f2ng ch\u1eadm l\u1edbn, b\u1ea1n c\u00f3 th\u1ec3 tr\u1ed3ng l\u00e2u m\u00e0 kh\u00f4ng lo v\u1ee1 form hay ph\u1ea3i thay ch\u1eadu. \u00a0Ch\u00fang c\u0169ng d\u1ec5 d\u00e0nh nh\u00e2n gi\u1ed1ng b\u1eb1ng c\u00e1ch \u01b0\u01a1m l\u00e1 ho\u1eb7c c\u1eafm c\u00e0nh.<br \/>\n<strong><em>Sen \u0111\u00e1 <\/em><\/strong><strong><em>kim c\u01b0\u01a1ng tr\u1eafng v\u1ec9 <\/em><\/strong>c\u00f3 d\u1ec5 tr\u1ed3ng kh\u00f4ng? <strong><em>Sen \u0111\u00e1 <\/em><\/strong><strong><em>kim c\u01b0\u01a1ng tr\u1eafng v\u1ec9 <\/em><\/strong>c\u00f3 s\u1ee9c s\u1ed1ng t\u1ed1t, ch\u1ecbu \u0111\u01b0\u1ee3c kh\u00f4 h\u1ea1n v\u00e0 n\u1eafng n\u00f3ng. <strong><em>Sen \u0111\u00e1 kim c\u01b0\u01a1ng tr\u1eafng v\u1ec9 <\/em><\/strong>c\u0169ng r\u1ea5t nhanh l\u1edbn, c\u00f3 th\u1ec3 tr\u1ed3ng full n\u1eafng m\u01b0a m\u00e0 kh\u00f4ng lo \u00fang b\u1edfi b\u1ed9 r\u1ec5 r\u1ea5t kh\u1ecfe.<br \/>\nMua <strong><em>Sen \u0111\u00e1 kim c\u01b0\u01a1ng tr\u1eafng v\u1ec9 <\/em><\/strong>\u1edf \u0111\u00e2u? \u0110\u1ec3 mua \u0111\u01b0\u1ee3c c\u00e2y gi\u1ed1ng<em><strong> Sen \u0111\u00e1 kim c\u01b0\u01a1ng tr\u1eafng v\u1ec9 <\/strong><\/em>kh\u1ecfe, gi\u00e0 c\u00e2y, b\u1ea1n n\u00ean t\u1edbi V\u01b0\u1eddn C\u1ea7u V\u1ed3ng &#8211; m\u1ed9t v\u01b0\u1eddn sen \u0111\u00e1 c\u00f3 uy t\u00edn t\u1ea1i H\u00e0 N\u1ed9i.<br \/>\nN\u1ebfu b\u1ea1n mu\u1ed1n mua <strong><em>Sen \u0111\u00e1 kim c\u01b0\u01a1ng tr\u1eafng v\u1ec9 <\/em><\/strong>m\u00e0 ch\u01b0a r\u00f5 c\u00e1ch ch\u0103m s\u00f3c hay g\u1eb7p v\u1ea5n \u0111\u1ec1 khi ch\u0103m s\u00f3c, \u0111\u1eebng ng\u1ea7n ng\u1ea1i li\u00ean h\u1ec7 V\u01b0\u1eddn C\u1ea7u V\u1ed3ng \u0111\u1ec3 \u0111\u01b0\u1ee3c h\u01b0\u1edbng d\u1eabn mi\u1ec5n ph\u00ed.<\/p>\n<p><strong>C\u00c1CH TR\u1ed2NG SEN \u0110\u00c1:<\/strong><\/p>\n<ol>\n<li>Chu\u1ea9n b\u1ecb \u0111\u1ea5t: \u0111\u1ea5t tr\u1ed3ng sen \u0111\u00e1 c\u1ea7n t\u01a1i x\u1ed1p, d\u1ec5 tho\u00e1t n\u01b0\u1edbc. C\u00f3 r\u1ea5t nhi\u1ec1u c\u00f4ng th\u1ee9c tr\u1ed9n \u0111\u1ea5t kh\u00e1c nhau, shop th\u01b0\u1eddng tr\u1ed9n h\u1ed7n h\u1ee3p gi\u00e1 th\u1ec3 g\u1ed3m s\u1ec9 than \u0111\u1eadp nh\u1ecf, tr\u1ea5u hun, x\u01a1 d\u1eeba xay, \u0111\u00e1 perlite, ph\u00e2n b\u00f2 hoai m\u1ee5c, gi\u00e1 th\u1ec3 tribat, trichodemar ch\u1ed1ng n\u1ea5m. C\u0169ng kh\u00f4ng nh\u1ea5t thi\u1ebft ph\u1ea3i c\u00f3 \u0111\u1ee7 c\u00e1c th\u00e0nh ph\u1ea7n tr\u00ean, n\u1ebfu b\u1ea1n kh\u00f4ng c\u00f3 \u0111\u1ee7 t\u1ea5t c\u1ea3 c\u00e1c lo\u1ea1i n\u00e0y, c\u00e1c b\u1ea1n c\u00f3 th\u1ec3 tr\u1ed9n v\u1edbi tr\u1ea5u t\u01b0\u01a1i, s\u1ec9 than (ho\u1eb7c \u0111\u00e1 perlite) v\u00e0 \u0111\u1ea5t th\u1ecbt (m\u1ed9t l\u01b0\u1ee3ng nh\u1ecf).<\/li>\n<li>Khi c\u00e2y m\u1edbi l\u1ea5y v\u1ec1 qua m\u1ed9t qu\u00e1 tr\u00ecnh v\u1eadn chuy\u1ec3n d\u00e0i, r\u1ec5 c\u00e2y c\u00f3 th\u1ec3 b\u1ecb \u1ea3nh h\u01b0\u1edfng, b\u1ea1n n\u00ean tr\u1ed3ng l\u1ea1i b\u1eb1ng c\u00e1ch r\u0169 s\u1ea1ch \u0111\u1ea5t. N\u1ebfu r\u1ec5 \u0111en v\u00e0 kh\u00f4 th\u00ec kh\u00f4ng n\u00ean gi\u1eef l\u1ea1i m\u00e0 c\u1eaft b\u1ecf b\u1edbt r\u1ec5 c\u1ee7a c\u00e2y. B\u1ea1n c\u0169ng n\u00ean b\u1ecf h\u1ebft c\u00e1c l\u00e1 \u00faa, l\u00e1 b\u1ecb \u00fang tr\u01b0\u1edbc khi thay \u0111\u1ea5t.<\/li>\n<li>Trong tr\u01b0\u1eddng h\u1ee3p r\u1ec5 b\u1ecb h\u1ecfng ho\u1eb7c th\u00e2n b\u1ecb \u00fang do b\u1ea1n l\u1ee1 tay t\u01b0\u1edbi nhi\u1ec1u n\u01b0\u1edbc, n\u1ebfu kh\u00f4ng x\u1eed l\u00fd k\u1ecbp th\u1eddi c\u00f3 th\u1ec3 l\u00e0m lan l\u00ean c\u00e2y. B\u1ea1n x\u1eed l\u00fd nh\u01b0 sau: C\u1eaft b\u1ecf to\u00e0n b\u1ed9 r\u1ec5 c\u1ee7a c\u00e2y th\u00ec \u0111\u1ec3 ch\u1ed7 tho\u00e1ng, c\u00f3 gi\u00f3 v\u00e0 tr\u00e1nh n\u1eafng tr\u1ef1c ti\u1ebfp t\u1eeb 3 \u0111\u1ebfn 5 ng\u00e0y, c\u00e2y ra r\u1ec5 non th\u00ec b\u1ea1n c\u00f3 th\u1ec3 mang ra tr\u1ed3ng l\u1ea1i.<\/li>\n<\/ol>\n<p>Khi m\u1edbi tr\u1ed3ng l\u1ea1i th\u00ec n\u00ean \u0111\u1ec3 c\u00e2y \u1edf ch\u1ed7 c\u00f3 n\u1eafng nh\u1eb9. Tr\u00e1nh n\u1eafng g\u1eaft s\u1ebd l\u00e0m ch\u00e1y l\u00e1 ho\u1eb7c s\u1ed1c nhi\u1ec7t.<\/p>\n<ol start=\"4\">\n<li>Sen \u0111\u00e1 kh\u00f4ng c\u1ea7n nhi\u1ec1u n\u01b0\u1edbc n\u00ean v\u00e0i ng\u00e0y t\u01b0\u1edbi m\u1ed9t l\u1ea7n. Khi t\u01b0\u1edbi, b\u1ea1n n\u00ean tr\u00e1nh t\u01b0\u1edbi khi tr\u1eddi n\u1eafng g\u1eaft, tr\u00e1nh t\u01b0\u1edbi l\u00ean l\u00e1. V\u1edbi d\u1ea1ng c\u00e2y b\u1ee5i, b\u1ea1n c\u00f3 th\u1ec3 d\u00f9ng m\u1ed9t \u1ea5m tr\u00e0 \u0111\u1ec3 t\u01b0\u1edbi. V\u1edbi d\u1ea1ng c\u00e2y l\u00e1 \u0111\u00e0i che k\u00edn ch\u1eadu, b\u1ea1n c\u00f3 th\u1ec3 nh\u1ea5c c\u1ea3 ch\u1eadu \u0111\u1eb7t v\u00e0o ch\u1eadu n\u01b0\u1edbc v\u00e0i gi\u00e2y \u0111\u1ec3 n\u01b0\u1edbc ng\u1ea5m l\u00ean tr\u00ean.<\/li>\n<li>Sen \u0111\u00e1 khi c\u00f3 n\u1eafng s\u1ebd l\u00ean \u0111\u1eb9p h\u01a1n, khi thi\u1ebfu n\u1eafng c\u00e2y s\u1ebd m\u1ecdc l\u00e1 th\u01b0a h\u01a1n, l\u00e1 b\u1ecb nh\u1ea1t m\u00e0u. N\u1ebfu b\u1ea1n \u0111\u1ec3 sen trong nh\u00e0, m\u1ed7i ng\u00e0y b\u1ea1n n\u00ean cho c\u00e2y t\u1eafm n\u1eafng s\u1edbm 1-2h \u0111\u1ec3 c\u00e2y lu\u00f4n \u0111\u1eb9p.<\/li>\n<\/ol>\n<p style=\"text-align: center;\"><img loading=\"lazy\" decoding=\"async\" class=\"alignnone size-medium wp-image-243\" src=\"https:\/\/vuoncauvong.com\/wp-content\/uploads\/2024\/11\/30-300x300.jpg\" alt=\"\" width=\"300\" height=\"300\" srcset=\"https:\/\/vuoncauvong.com\/wp-content\/uploads\/2024\/11\/30-300x300.jpg 300w, https:\/\/vuoncauvong.com\/wp-content\/uploads\/2024\/11\/30-100x100.jpg 100w, https:\/\/vuoncauvong.com\/wp-content\/uploads\/2024\/11\/30-1024x1024.jpg 1024w, https:\/\/vuoncauvong.com\/wp-content\/uploads\/2024\/11\/30-150x150.jpg 150w, https:\/\/vuoncauvong.com\/wp-content\/uploads\/2024\/11\/30-768x768.jpg 768w, https:\/\/vuoncauvong.com\/wp-content\/uploads\/2024\/11\/30.jpg 1080w\" sizes=\"auto, (max-width: 300px) 100vw, 300px\" \/><\/p>\n<p><strong>\u0110\u1ecba ch\u1ec9: V\u01b0\u1eddn C\u1ea7u V\u1ed3ng \u2013 cu\u1ed1i ng\u00f5 309 Ph\u00fa<\/strong> <strong>Di\u1ec5n<\/strong> (\u0111i h\u1ebft \u0111\u01b0\u1eddng b\u00ea t\u00f4ng, \u0111i th\u00eam 30m \u0111\u01b0\u1eddng \u0111\u1ea5t, k\u1ecbch ng\u00f5 l\u00e0 V\u01b0\u1eddn C\u1ea7u V\u1ed3ng)<\/p>\n<p>Th\u1eddi gian m\u1edf c\u1eeda: 8h30 -18h<\/p>\n<p>\u0110T: 03.4884.6606 \u2013 03.8284.6606<\/p>\n<p>\ud835\udde0\ud835\uddee\ud835\uddfd: https:\/\/goo.gl\/maps\/dgkwvkpfxyJttKKS9<\/p>\n<p>\ud835\udddf\ud835\uddf6\ud835\uddfb\ud835\uddf8 \ud835\uddfa\ud835\ude02\ud835\uddee \ud835\uddfc\ud835\uddfb\ud835\uddf9\ud835\uddf6\ud835\uddfb\ud835\uddf2: https:\/\/vuoncauvong.com<\/p>\n<p>\ud835\udddf\ud835\uddf6\ud835\uddfb\ud835\uddf8 \ud835\udde6\ud835\uddf5\ud835\uddfc\ud835\uddfd\ud835\uddf2\ud835\uddf2 https:\/\/shope.ee\/8eubYh9rNq<\/p>\n<p>\u26a1 V\u01b0\u1eddn c\u00f3 tuy\u1ec3n CTV b\u00e1n sen \u0111\u00e1 \u26a1<\/p>\n<p>#sen\u0111\u00e1 #v\u01b0\u1eddnc\u1ea7uv\u1ed3ng #vuoncauvong #309Ph\u00faDi\u1ec5n<\/p>\n","protected":false},"excerpt":{"rendered":"<p><em><strong>Sen \u0111\u00e1 kim c\u01b0\u01a1ng tr\u1eafng v\u1ec9 <\/strong><\/em>l\u00e0 lo\u1ea1i c\u00e2y sen gi\u1ed1ng, c\u00f3 \u0111\u01b0\u1eddng k\u00ednh b\u1ea7u \u0111\u1ea5t kho\u1ea3ng 2,5cm, \u0111\u01b0\u1eddng k\u00ednh 3-3.5cm. <em><strong>Sen \u0111\u00e1 kim c\u01b0\u01a1ng tr\u1eafng v\u1ec9 <\/strong><\/em><em>c\u00f3 <\/em>form tr\u00f2n tr\u1ecba, c\u00e1c l\u1edbp l\u00e1 c\u00f3 kh\u00eda nh\u01b0 vi\u00ean kim c\u01b0\u01a1ng, c\u0103ng m\u1ecdng v\u00e0 c\u1ee9ng c\u00e1p. <em><strong>Sen \u0111\u00e1 kim c\u01b0\u01a1ng tr\u1eafng<\/strong><\/em> \u0111\u01b0\u1ee3c coi l\u00e0 c\u00e2y phong th\u1ee7y, mang l\u1ea1i t\u00e0i l\u1ed9c cho gia ch\u1ee7. \u0110\u00e2y l\u00e0 gi\u1ed1ng sen ch\u1eadm l\u1edbn n\u00ean r\u1ea5t \u00edt n\u01a1i s\u1ea3n xu\u1ea5t, v\u00ec v\u1eady kh\u00e1 hi\u1ebfm.<\/p>\n","protected":false},"featured_media":243,"comment_status":"open","ping_status":"closed","template":"","meta":[],"product_brand":[],"product_cat":[22,23],"product_tag":[],"class_list":{"0":"post-315","1":"product","2":"type-product","3":"status-publish","4":"has-post-thumbnail","6":"product_cat-sen-da","7":"product_cat-sen-vi","9":"first","10":"instock","11":"sale","12":"shipping-taxable","13":"purchasable","14":"product-type-simple"},"jetpack_sharing_enabled":true,"_links":{"self":[{"href":"https:\/\/vuoncauvong.com\/index.php\/wp-json\/wp\/v2\/product\/315","targetHints":{"allow":["GET"]}}],"collection":[{"href":"https:\/\/vuoncauvong.com\/index.php\/wp-json\/wp\/v2\/product"}],"about":[{"href":"https:\/\/vuoncauvong.com\/index.php\/wp-json\/wp\/v2\/types\/product"}],"replies":[{"embeddable":true,"href":"https:\/\/vuoncauvong.com\/index.php\/wp-json\/wp\/v2\/comments?post=315"}],"wp:featuredmedia":[{"embeddable":true,"href":"https:\/\/vuoncauvong.com\/index.php\/wp-json\/wp\/v2\/media\/243"}],"wp:attachment":[{"href":"https:\/\/vuoncauvong.com\/index.php\/wp-json\/wp\/v2\/media?parent=315"}],"wp:term":[{"taxonomy":"product_brand","embeddable":true,"href":"https:\/\/vuoncauvong.com\/index.php\/wp-json\/wp\/v2\/product_brand?post=315"},{"taxonomy":"product_cat","embeddable":true,"href":"https:\/\/vuoncauvong.com\/index.php\/wp-json\/wp\/v2\/product_cat?post=315"},{"taxonomy":"product_tag","embeddable":true,"href":"https:\/\/vuoncauvong.com\/index.php\/wp-json\/wp\/v2\/product_tag?post=315"}],"curies":[{"name":"wp","href":"https:\/\/api.w.org\/{rel}","templated":true}]}}