{"id":194,"date":"2024-11-07T21:37:41","date_gmt":"2024-11-07T14:37:41","guid":{"rendered":"https:\/\/vuoncauvong.com\/?post_type=product&#038;p=194"},"modified":"2024-11-15T20:45:02","modified_gmt":"2024-11-15T13:45:02","slug":"sen-da-vi-do-la-trang-cay-giong","status":"publish","type":"product","link":"https:\/\/vuoncauvong.com\/index.php\/san-pham\/sen-da-vi-do-la-trang-cay-giong\/","title":{"rendered":"Sen \u0111\u00e1 v\u1ec9 \u0111\u00f4 la tr\u1eafng (c\u00e2y gi\u1ed1ng)"},"content":{"rendered":"<p><strong><em>Sen \u0111\u00e1 \u0111\u00f4 la tr\u1eafng v\u1ec9<\/em><\/strong> l\u00e0 lo\u1ea1i c\u00e2y sen gi\u1ed1ng, c\u00f3 \u0111\u01b0\u1eddng k\u00ednh b\u1ea7u \u0111\u1ea5t kho\u1ea3ng 2,5cm, \u0111\u1ed9 cao c\u00e2y kho\u1ea3ng t\u1eeb 6-7cm. <em><strong>Sen \u0111\u00e1 \u0111\u00f4 la tr\u1eafng v\u1ec9<\/strong><\/em> th\u00edch h\u1ee3p d\u00f9ng l\u00e0m c\u00e2y trang tr\u00ed, tr\u1ed3ng ti\u1ec3u c\u1ea3nh, mix ch\u1eadu, c\u0169ng c\u00f3 th\u1ec3 ch\u0103m cho c\u00e2y l\u1edbn th\u00e0nh size b\u1ea7u hay size th\u1ee5. <em><strong>Sen \u0111\u00e1 \u0111\u00f4 la tr\u1eafng<\/strong><\/em> c\u00f2n \u0111\u01b0\u1ee3c coi l\u00e0 m\u1ed9t lo\u1ea1i c\u00e2y phong th\u1ee7y, gi\u00fap b\u1ea1n chi\u00eau t\u00e0i l\u1ed9c, mang l\u1ea1i v\u1eadn may v\u1ec1 kinh t\u1ebf.<br \/>\n<em><strong>Sen \u0111\u00e1 \u0111\u00f4 la tr\u1eafng<\/strong><\/em> v\u1ec9 c\u00f3 d\u1ec5 tr\u1ed3ng kh\u00f4ng? <em><strong>Sen \u0111\u00e1 \u0111\u00f4 la tr\u1eafng<\/strong><\/em> v\u1ec9 c\u00f3 s\u1ee9c s\u1ed1ng t\u1ed1t, ch\u1ecbu \u0111\u01b0\u1ee3c kh\u00f4 h\u1ea1n v\u00e0 n\u1eafng n\u00f3ng. Khi tr\u1eddi tr\u1edf l\u1ea1nh v\u00e0 c\u00f3 n\u1eafng, <strong><em>sen \u0111\u00e1 \u0111\u00f4 la tr\u1eafng<\/em><\/strong> c\u00f3 th\u1ec3 l\u00ean m\u00e0u h\u1ed3ng r\u1ea5t xinh. <em><strong>Sen \u0111\u00e1 \u0111\u00f4 la tr\u1eafng<\/strong><\/em> v\u1ec9 c\u0169ng r\u1ea5t nhanh l\u1edbn, c\u00f3 th\u1ec3 tr\u1ed3ng full n\u1eafng m\u01b0a m\u00e0 kh\u00f4ng lo \u00fang b\u1edfi b\u1ed9 r\u1ec5 r\u1ea5t kh\u1ecfe.<br \/>\nMua <em><strong>sen \u0111\u00e1 \u0111\u00f4 la tr\u1eafng v\u1ec9<\/strong> <\/em>\u1edf \u0111\u00e2u? \u0110\u1ec3 mua \u0111\u01b0\u1ee3c c\u00e2y gi\u1ed1ng<strong><em> sen \u0111\u00e1 \u0111\u00f4 la tr\u1eafng v\u00ec<\/em><\/strong> kh\u1ecfe, gi\u00e0 c\u00e2y, b\u1ea1n n\u00ean t\u1edbi V\u01b0\u1eddn C\u1ea7u V\u1ed3ng &#8211; m\u1ed9t v\u01b0\u1eddn sen \u0111\u00e1 c\u00f3 uy t\u00edn t\u1ea1i H\u00e0 N\u1ed9i.<br \/>\nN\u1ebfu b\u1ea1n mu\u1ed1n mua <em><strong>sen \u0111\u00e1 \u0111\u00f4 la tr\u1eafng<\/strong><\/em> v\u1ec9 m\u00e0 ch\u01b0a r\u00f5 c\u00e1ch ch\u0103m s\u00f3c hay g\u1eb7p v\u1ea5n \u0111\u1ec1 khi ch\u0103m s\u00f3c, \u0111\u1eebng ng\u1ea7n ng\u1ea1i li\u00ean h\u1ec7 V\u01b0\u1eddn C\u1ea7u V\u1ed3ng \u0111\u1ec3 \u0111\u01b0\u1ee3c h\u01b0\u1edbng d\u1eabn mi\u1ec5n ph\u00ed.<\/p>\n<hr \/>\n<p>&nbsp;<\/p>\n<p><img loading=\"lazy\" decoding=\"async\" class=\"size-medium wp-image-197 aligncenter\" src=\"https:\/\/vuoncauvong.com\/wp-content\/uploads\/2024\/11\/z4221111531181_73a690abad730011b723f5f8556105f5-300x300.jpg\" alt=\"\" width=\"300\" height=\"300\" \/><\/p>\n<p>&nbsp;<\/p>\n<p style=\"text-align: center;\"><strong>\u0110T:<\/strong> 03.8284.6606 &#8211; 0862.124.689<br \/>\n<strong>Map:<\/strong> https:\/\/goo.gl\/maps\/dgkwvkpfxyJttKKS9<br \/>\n<strong>Link mua online<\/strong> https:\/\/vuoncauvong.com<br \/>\n<strong>Link Shopee<\/strong> https:\/\/shope.ee\/6peofVpuUc<br \/>\nV\u01b0\u1eddn c\u00f3 tuy\u1ec3n CTV b\u00e1n sen \u0111\u00e1<br \/>\n#sen\u0111\u00e1 #v\u01b0\u1eddnc\u1ea7uv\u1ed3ng #vuoncauvong #309Ph\u00faDi\u1ec5n #vuoncauvonghanoi #vuonsendacauvong #senda99k #Combosenda<\/p>\n","protected":false},"excerpt":{"rendered":"<p><strong><em>Sen \u0111\u00e1 \u0111\u00f4 la tr\u1eafng v\u1ec9<\/em><\/strong> l\u00e0 lo\u1ea1i c\u00e2y sen gi\u1ed1ng, c\u00f3 \u0111\u01b0\u1eddng k\u00ednh b\u1ea7u \u0111\u1ea5t kho\u1ea3ng 2,5cm, \u0111\u1ed9 cao c\u00e2y kho\u1ea3ng t\u1eeb 6-7cm. <em><strong>Sen \u0111\u00e1 \u0111\u00f4 la tr\u1eafng v\u1ec9<\/strong><\/em> th\u00edch h\u1ee3p d\u00f9ng l\u00e0m c\u00e2y trang tr\u00ed, tr\u1ed3ng ti\u1ec3u c\u1ea3nh, mix ch\u1eadu, c\u0169ng c\u00f3 th\u1ec3 ch\u0103m cho c\u00e2y l\u1edbn th\u00e0nh size b\u1ea7u hay size th\u1ee5. <em><strong>Sen \u0111\u00e1 \u0111\u00f4 la tr\u1eafng<\/strong><\/em> c\u00f2n \u0111\u01b0\u1ee3c coi l\u00e0 m\u1ed9t lo\u1ea1i c\u00e2y phong th\u1ee7y, gi\u00fap b\u1ea1n chi\u00eau t\u00e0i l\u1ed9c, mang l\u1ea1i v\u1eadn may v\u1ec1 kinh t\u1ebf.<\/p>\n","protected":false},"featured_media":197,"comment_status":"open","ping_status":"closed","template":"","meta":[],"product_brand":[],"product_cat":[22,23],"product_tag":[29,26,28,27],"class_list":{"0":"post-194","1":"product","2":"type-product","3":"status-publish","4":"has-post-thumbnail","6":"product_cat-sen-da","7":"product_cat-sen-vi","8":"product_tag-do-la-trang","9":"product_tag-sen-da","10":"product_tag-sen-giong","11":"product_tag-sen-vi","13":"first","14":"instock","15":"sale","16":"shipping-taxable","17":"purchasable","18":"product-type-simple"},"jetpack_sharing_enabled":true,"_links":{"self":[{"href":"https:\/\/vuoncauvong.com\/index.php\/wp-json\/wp\/v2\/product\/194","targetHints":{"allow":["GET"]}}],"collection":[{"href":"https:\/\/vuoncauvong.com\/index.php\/wp-json\/wp\/v2\/product"}],"about":[{"href":"https:\/\/vuoncauvong.com\/index.php\/wp-json\/wp\/v2\/types\/product"}],"replies":[{"embeddable":true,"href":"https:\/\/vuoncauvong.com\/index.php\/wp-json\/wp\/v2\/comments?post=194"}],"wp:featuredmedia":[{"embeddable":true,"href":"https:\/\/vuoncauvong.com\/index.php\/wp-json\/wp\/v2\/media\/197"}],"wp:attachment":[{"href":"https:\/\/vuoncauvong.com\/index.php\/wp-json\/wp\/v2\/media?parent=194"}],"wp:term":[{"taxonomy":"product_brand","embeddable":true,"href":"https:\/\/vuoncauvong.com\/index.php\/wp-json\/wp\/v2\/product_brand?post=194"},{"taxonomy":"product_cat","embeddable":true,"href":"https:\/\/vuoncauvong.com\/index.php\/wp-json\/wp\/v2\/product_cat?post=194"},{"taxonomy":"product_tag","embeddable":true,"href":"https:\/\/vuoncauvong.com\/index.php\/wp-json\/wp\/v2\/product_tag?post=194"}],"curies":[{"name":"wp","href":"https:\/\/api.w.org\/{rel}","templated":true}]}}